 u(l) = 29*l - 92. Calculate u(2).
-34
Let j(n) = -276*n - 22. Give j(0).
-22
Let a(p) = p**3 - 63*p**2 - 160*p + 1419. Give a(65).
-531
Let z(a) = -6*a**2 + 51*a - 13. Give z(6).
77
Let o(f) = 18*f + 226. What is o(-9)?
64
Let b(h) = 87*h + 917. What is b(-9)?
134
Let z(p) = 6*p**3 + 96*p**2 + 71*p + 1144. What is z(-16)?
8
Let l(d) = d**3 + 211*d**2 - 627*d + 8. Give l(3).
53
Let d(l) = 4*l**2 + 81*l + 383. What is d(-13)?
6
Let z(d) = 4*d**2 - 20*d - 60. Calculate z(-5).
140
Let v(h) = -4*h**2 - 25*h - 69. Determine v(-3).
-30
Let g(l) = 198*l - 7278. Calculate g(37).
48
Let a(c) = -12*c - 545. Determine a(-33).
-149
Let k(w) = -182*w + 9455. Calculate k(52).
-9
Let a(w) = -5*w**2 - 10*w + 4. Determine a(-2).
4
Let f(z) = -7*z**2 + 73*z - 176. Give f(3).
-20
Let f(y) = -8*y**2 - 204*y + 1. What is f(0)?
1
Let f(u) = -u**3 + 9*u**2 + 226*u + 55. Calculate f(-11).
-11
Let n(u) = -6*u**2 + 34*u + 65. Determine n(7).
9
Let l(c) = 2*c**2 + 24*c - 31. Calculate l(-13).
-5
Let v(t) = -348*t - 9340. Give v(-27).
56
Let j(p) = 2*p**3 + 187*p**2 + 275*p - 79. Calculate j(-92).
13
Let j(d) = -2*d**2 + 35*d + 98. What is j(18)?
80
Let l(p) = -6*p + 192. What is l(31)?
6
Let g(x) = 7*x**2 + 103*x + 85. Give g(-13).
-71
Let y(f) = -f**2 - 2619*f + 202049. Calculate y(75).
-1
Let s(u) = -u**2 - 29*u - 209. Determine s(-16).
-1
Let i(h) = -h**2 - 5*h - 263. Give i(-11).
-329
Let d(p) = 8*p**2 + 151*p - 95. Give d(-19).
-76
Let u(x) = x**3 + 18*x**2 - 107*x + 37. What is u(-23)?
-147
Let u(v) = -v**2 - 27*v + 1. What is u(-10)?
171
Let t(m) = -7*m**2 - 40*m + 2172. Calculate t(15).
-3
Let r(h) = 2*h**3 - 27*h**2 + 47*h + 3. What is r(2)?
5
Let f(m) = -m**3 + 13*m**2 - 6*m - 95. Calculate f(12).
-23
Let k(n) = n**3 - 56*n**2 - 11*n + 544. Give k(56).
-72
Let c(s) = -212*s + 1690. What is c(8)?
-6
Let f(n) = 16*n + 277. Calculate f(-32).
-235
Let f(d) = 5*d - 145. Calculate f(-52).
-405
Let v(g) = 2*g**2 + 7*g - 7. Determine v(7).
140
Let r(i) = i**3 + 8*i**2 + 14*i + 16. Give r(-3).
19
Let n(z) = z**3 + 7*z**2 + 5*z - 24. Give n(-5).
1
Let q(b) = b**2 - 105*b + 1679. Determine q(24).
-265
Let t(j) = -4648*j - 5. Give t(0).
-5
Let g(s) = -147*s - 19251. Determine g(-131).
6
Let u(h) = 19*h + 14. Determine u(-1).
-5
Let q(x) = 21*x + 94. Determine q(-8).
-74
Let j(t) = -t**3 + 17*t**2 + 47*t - 468. Determine j(9).
603
Let n(q) = 8*q**2 + 12*q - 8. Determine n(1).
12
Let y(p) = -135*p**2 + 536*p - 5. Give y(4).
-21
Let a(l) = 3*l + 38. Determine a(-8).
14
Let i(y) = -y**3 + 50*y**2 + 109*y - 304. Give i(52).
-44
Let z(o) = -10*o**2 + 262*o - 51. Give z(26).
1
Let z(q) = -q**2 - 36*q + 1961. Determine z(30).
-19
Let i(a) = a**2 + 1164*a - 9374. Give i(8).
2
Let l(n) = 172*n - 1322. Give l(7).
-118
Let m(c) = -56*c**2 + 606*c + 126. Give m(11).
16
Let q(h) = -314*h + 3796. Determine q(12).
28
Let n(b) = 274*b - 1890. Give n(7).
28
Let x(v) = -7*v + 606. What is x(85)?
11
Let b(q) = -10*q + 313. Calculate b(37).
-57
Let w(r) = -24*r + 100. What is w(6)?
-44
Let d(n) = -3*n**3 - 98*n**2 - 97*n - 1058. Determine d(-32).
-2
Let n(f) = -114*f - 324. Calculate n(-3).
18
Let l(k) = 7*k**2 - 318*k - 1624. Determine l(-5).
141
Let h(i) = -16*i - 423. Give h(-12).
-231
Let u(q) = q**3 - 13*q**2 - 41*q + 56. Give u(-6).
-382
Let f(b) = 12*b**2 - 181*b + 179. What is f(14)?
-3
Let q(z) = -1090*z + 47938. Calculate q(44).
-22
Let b(w) = w**3 - 35*w**2 + 12*w - 440. Calculate b(35).
-20
Let k(t) = -2*t**2 - 11*t + 60. Determine k(-8).
20
Let j(a) = 33660*a - 168303. Give j(5).
-3
Let a(q) = -288*q - 60. Determine a(1).
-348
Let x(h) = h**2 + 372*h - 15166. What is x(37)?
-33
Let c(v) = 14*v - 50. Determine c(-4).
-106
Let o(w) = -11*w**2 - 85*w - 138. Determine o(-3).
18
Let u(x) = 4*x**2 + 140*x + 233. Give u(-33).
-31
Let g(u) = 6*u**2 - 400*u + 398. Give g(1).
4
Let w(o) = 2*o**3 - 55*o**2 - 35*o + 43. What is w(28)?
-153
Let q(u) = 21*u - 49. What is q(2)?
-7
Let t(s) = -s**2 - 1079*s - 13866. Determine t(-13).
-8
Let i(s) = -51*s + 1072. Give i(21).
1
Let z(c) = -c**3 + 6*c**2 - 171*c + 648. What is z(4)?
-4
Let o(k) = -79*k + 5805. Determine o(72).
117
Let a(j) = -12*j**2 - 62*j + 18. What is a(-6)?
-42
Let h(k) = 43*k**2 + 212*k - 15. Determine h(-5).
0
Let a(h) = 208*h + 63. What is a(-1)?
-145
Let u(m) = -m**2 + 48*m + 55. What is u(39)?
406
Let k(c) = c**2 - 8*c - 21. Calculate k(24).
363
Let c(i) = 11*i + 384. Give c(-34).
10
Let d(n) = -8*n - 29. Give d(4).
-61
Let k(p) = 119*p + 1055. What is k(-9)?
-16
Let o(c) = c**3 + 21*c**2 + 86*c + 82. Determine o(-16).
-14
Let q(r) = 6*r**2 + 7*r - 255. Calculate q(6).
3
Let c(u) = 10*u**3 + 84*u**2 + 69*u - 205. What is c(-7)?
-2
Let x(a) = 289*a + 6906. Calculate x(-24).
-30
Let f(h) = 3*h**2 - 197*h - 3180. Calculate f(79).
-20
Let f(q) = 88*q - 798. Give f(9).
-6
Let b(o) = 5*o**2 - 144*o - 11. Determine b(28).
-123
Let n(g) = 9*g**2 + 660*g - 680. Give n(1).
-11
Let r(u) = -u**3 + 13*u**2 - 35*u + 9. Calculate r(5).
34
Let h(y) = -6*y**2 - 361*y - 4931. What is h(-21)?
4
Let j(m) = m**3 + 76*m**2 - 493*m - 21. Calculate j(6).
-27
Let f(p) = -3*p**3 - p**2 - p + 11. Give f(-4).
191
Let s(p) = 347*p - 29833. Calculate s(86).
9
Let a(g) = g**2 + 99*g + 2202. Determine a(-33).
24
Let o(h) = 12*h + 2. Calculate o(4).
50
Let t(q) = -270*q - 1957. Determine t(-6).
-337
Let h(b) = -b**3 - 34*b**2 - 101*b - 187. Give h(-31).
61
Let g(z) = 30*z + 4566. Determine g(-152).
6
Let h(n) = -2*n**2 + 34*n - 48. Give h(15).
12
Let q(x) = -3*x**2 - 29*x + 10. Determine q(-10).
0
Let i(n) = 7*n**2 + 74*n - 28. Determine i(-11).
5
Let p(k) = -3*k**2 + 300*k + 267. Determine p(101).
-36
Let q(t) = -2605*t - 13038. Give q(-5).
-13
Let s(n) = -387*n + 59227. Calculate s(153).
16
Let p(b) = b**3 - 11*b**2 + 12*b + 102. Give p(8).
6
Let j(g) = -7270*g + 72702. Give j(10).
2
Let t(h) = h**2 - 30*h - 77. Give t(33).
22
Let i(y) = 8*y - 174. What is i(28)?
50
Let x(g) = -g**2 - 18*g + 7143. Give x(-94).
-1
Let d(j) = 3*j**2 - 42*j - 59. Give d(15).
-14
Let u(h) = 103*h - 30. Give u(0).
-30
Let z(m) = m**3 - 12*m**2 + 18*m + 83. What is z(6)?
-25
Let c(q) = q**3 + 13*q**2 - 39*q - 90. Determine c(-14).
260
Let k(i) = -58*i**2 - 1589*i - 614. Give k(-27).
7
Let b(j) = 3*j**2 + 29*j + 11. What is b(-9)?
-7
Let j(d) = 1404*d**2 - 4214*d + 3. Determine j(3).
-3
Let q(f) = 4*f**2 - 18*f + 31. Give q(5).
41
Let l(m) = -m**2 - 40*m + 64. Give l(2).
-20
Let s(k) = -2*k**3 - 35*k**2 + 56*k - 67. Give s(-19).
-48
Let d(s) = -3*s**2 - 15*s + 71. What is d(14)?
-727
Let j(z) = 4*z**3 - 3*z**2 - 11*z - 9. Calculate j(-1).
-5
Let h(j) = -236*j - 228. Calculate h(-1).
8
Let l(s) = -793*s + 58. What is l(0)?
58
Let g(w) = -205*w**2 + 825*w - 2. Give g(4).
18
Let f(o) = 56*o + 6497. Determine f(-114).
113
Let y(q) = q**2 - 252*q + 5875. Give y(26).
-1
Let t(k) = -k**3 - 125*k**2 + 127*k + 192. Calculate t(-126).
66
Let y(z) = 5*z**2 - 8*z - 38. Give y(-5).
127
Let m(r) = 26*r - 442. Give m(21).
104
Let m(l) = -309*l + 3022. Give m(10).
-68
Let x(h) = -552*h + 5014. Give x(9).
46
Let y(r) = -2*r**3 - 18*r**2 - 187*r - 1363. Calculate y(-8).
5
Let y(c) = -68*c - 559. Determine y(-6).
-151
Let n(a) = -13*a - 28. Calculate n(4).
-80
Let r(u) = -46*u - 1385. What is r(-29)?
-51
Let o(m) = -24*m + 35. Calculate o(13).
-277
Let g(s) = 2*s**2 - 6*s - 254. Determine g(15).
106
Let i(m) = -m**2 + 209*m - 3448. Determine i(18).
-10
Let x(d) = 3*d**3 + 75*d**2 - 81*d - 115. Give x(-26).
-37
Let b(a) = -a**3 - 7*a**2 - 19*a - 22. Give b(-9).
311
Let j(z) = 9*z**2 - 482*z - 4433. Calculate j(-8).
-1
Let g(t) = 54*t - 267. Give g(4).
-51
Let t(h) = -h**2 - 22*h + 87. Calculate t(-26).
-17
Let j(m) = -50*m**2 + 9*m + 39. What is j(-4)?
-797
Let w(u) = -55*u + 21. Calculate w(-1).
76
Let u(i) = -3*i**3 + 575*i**2 + 195*i - 571. Determine u(192).
5
Let q(a) = -4*a**2 - 24*a + 155. Calculate q(-12).
-133
Let p(h) = h**3 - 43*h**2 + 785*h - 31194. Give p(42).
12
Let b(s) = 446*s - 18280. Calculate b(41).
6
Let h(k) = 3*k**2 - 121*k + 471. Give h(4).
35
Let l(q) = -3*q**2 + 9*q - 1. What is l(-1)?
-13
Let c(k) = k**2 - 39*k + 314. Give c(20).
-66
Let x(y) = 21*y**2 + 333*y - 45. What is x(-16)?
3
Let b(n) = -3*n**2 - 286*n + 2483. Give b(8).
3
Let r(d) = 23*d + 78. Give r(-6).
-60